e
Is 6 a factor of 5550460?
False
Does 6235 divide 4399545776?
False
Is 692900452 a multiple of 2232?
False
Is 3083 a factor of 3756037806?
False
Does 57 divide 52945978?
False
Is 165293750 a multiple of 25?
True
Is 6 a factor of 19803540?
True
Is 84 a factor of 141825927?
False
Is 142280865 a multiple of 2747?
True
Is 217709724 a multiple of 40?
False
Is 3226 a factor of 93636969?
False
Does 217 divide 917300230?
True
Is 216070 a multiple of 697?
True
Is 14 a factor of 1233843324?
True
Is 24 a factor of 970255573?
False
Is 9 a factor of 94881408?
False
Is 12 a factor of 1408244868?
True
Is 432724504 a multiple of 37?
False
Does 35 divide 1885385110?
True
Does 1193 divide 104614170?
True
Is 5387760 a multiple of 72?
True
Does 219 divide 4467876816?
True
Is 1325 a factor of 19619275?
True
Is 5042868 a multiple of 337?
True
Does 2050 divide 43597350?
True
Is 476 a factor of 246754331?
False
Is 1565855599 a multiple of 94?
False
Is 46045888 a multiple of 49?
True
Is 779 a factor of 73155111?
True
Does 7 divide 23168775?
True
Is 178209150 a multiple of 210?
True
Does 213 divide 697638474?
True
Does 121 divide 19174918?
False
Does 584 divide 46346253?
False
Is 322668 a multiple of 36?
True
Is 118 a factor of 156601967?
False
Does 31 divide 13085454?
False
Is 130 a factor of 74217910?
True
Does 349 divide 51156071?
True
Is 320491098 a multiple of 9?
True
Does 15 divide 6713235?
True
Is 449598579 a multiple of 49?
False
Does 27 divide 1862896077?
True
Is 70117208 a multiple of 508?
True
Is 272504880 a multiple of 522?
True
Is 73536388 a multiple of 12?
False
Is 158 a factor of 226774556?
True
Is 124 a factor of 61231170?
False
Is 122912247 a multiple of 3?
True
Is 1210252784 a multiple of 8?
True
Does 238 divide 3178914?
False
Is 767 a factor of 12624298?
False
Is 839844722 a multiple of 43?
False
Is 2300 a factor of 19697043?
False
Is 513727374 a multiple of 4614?
True
Does 102 divide 134903031?
False
Is 32 a factor of 149320989?
False
Is 55 a factor of 205659465?
True
Does 30 divide 53080980?
True
Is 128482872 a multiple of 61?
False
Is 3 a factor of 18007025?
False
Is 1103351666 a multiple of 550?
False
Does 3844 divide 909421208?
True
Is 36470089 a multiple of 517?
False
Is 234799801 a multiple of 463?
True
Is 21508706 a multiple of 187?
False
Does 8 divide 2528881?
False
Is 98 a factor of 165512298?
True
Is 13 a factor of 1330137415?
False
Does 5 divide 11313969?
False
Is 859650720 a multiple of 5?
True
Does 14 divide 405033187?
False
Does 1395 divide 17687205?
True
Does 8 divide 933253479?
False
Does 364 divide 1186464552?
True
Is 353843470 a multiple of 723?
False
Does 251 divide 2412216424?
True
Is 810895 a multiple of 9?
False
Does 812 divide 255013472?
True
Is 83820404 a multiple of 289?
True
Is 14428099 a multiple of 7?
True
Is 84 a factor of 10196929?
False
Is 19 a factor of 38546013?
False
Does 81 divide 42202278?
False
Is 11480394 a multiple of 43?
False
Is 74829552 a multiple of 2006?
False
Is 443 a factor of 199177673?
True
Is 114258810 a multiple of 102?
False
Does 772 divide 801361040?
False
Is 22 a factor of 132748787?
False
Is 15719748 a multiple of 44?
True
Is 453185124 a multiple of 147?
True
Does 1499 divide 8165053?
True
Is 63 a factor of 47163890?
False
Is 101 a factor of 752458383?
True
Is 3085229 a multiple of 8?
False
Does 170 divide 2691530?
False
Is 66 a factor of 11497171?
False
Is 3286828650 a multiple of 5110?
True
Is 4425 a factor of 1326641550?
True
Is 71 a factor of 995451631?
False
Does 5808 divide 1026895056?
True
Is 308242720 a multiple of 11?
False
Is 2914446382 a multiple of 8?
False
Is 17111242 a multiple of 2923?
True
Is 361352522 a multiple of 16?
False
Does 1493 divide 297610141?
True
Is 228961819 a multiple of 22?
False
Is 175 a factor of 26034575?
True
Does 219 divide 2158384111?
False
Is 28715553 a multiple of 632?
False
Does 12 divide 2444904?
True
Does 1329 divide 13628050?
False
Is 898380770 a multiple of 2045?
True
Is 1461801150 a multiple of 25?
True
Is 201192610 a multiple of 648?
False
Is 136284264 a multiple of 171?
True
Does 52 divide 56583747?
False
Does 122 divide 1289602798?
False
Is 173 a factor of 24293006?
True
Does 808 divide 12377752?
True
Is 12489994 a multiple of 7?
False
Is 176 a factor of 812413008?
True
Does 181 divide 45743728?
False
Is 293615570 a multiple of 8?
False
Does 1060 divide 2547717420?
True
Does 11 divide 54380490?
False
Is 436993753 a multiple of 1237?
True
Is 246 a factor of 4025245?
False
Is 55397844 a multiple of 38?
True
Does 188 divide 250276880?
True
Does 860 divide 101891940?
True
Does 44 divide 1883347089?
False
Is 9478098 a multiple of 14?
True
Is 6 a factor of 66546378?
True
Is 35 a factor of 229149620?
True
Is 108374648 a multiple of 397?
True
Is 1309 a factor of 10947544?
False
Is 14 a factor of 12446070?
True
Does 377 divide 26692006?
False
Is 1122 a factor of 16569696?
True
Does 1184 divide 125460946?
False
Does 338 divide 1825017263?
False
Is 27394968 a multiple of 4?
True
Is 15 a factor of 34403283?
False
Is 61 a factor of 26506513?
True
Is 275 a factor of 1128644550?
True
Does 900 divide 16133400?
True
Does 10 divide 69124064?
False
Is 50 a factor of 211258550?
True
Does 1141 divide 95015634?
True
Is 1625519 a multiple of 42?
False
Is 153788 a multiple of 2?
True
Is 86860640 a multiple of 707?
False
Is 110796588 a multiple of 28?
True
Is 277 a factor of 42108378?
False
Is 21692896 a multiple of 95?
False
Does 731 divide 431010734?
False
Does 12 divide 40481508?
True
Is 344 a factor of 2632302633?
False
Is 547 a factor of 622313428?
False
Does 2273 divide 167443426?
False
Does 649 divide 1061451991?
False
Is 1736 a factor of 996003960?
True
Is 1263402245 a multiple of 4638?
False
Is 257293435 a multiple of 35?
True
Does 14 divide 25857663?
False
Is 16430791 a multiple of 3?
False
Does 2555 divide 95837484?
False
Is 69 a factor of 30720426?
False
Does 101 divide 11611465?
True
Is 3765488019 a multiple of 813?
False
Is 88 a factor of 1184597128?
True
Is 344 a factor of 4176151236?
False
Does 15 divide 66399414?
False
Does 71 divide 1128482023?
True
Is 972 a factor of 3928824?
True
Is 49 a factor of 295860236?
True
Does 11 divide 9088885?
False
Is 135 a factor of 209593977?
False
Is 54193920 a multiple of 12?
True
Does 987 divide 216206716?
False
Does 13 divide 1751361950?
True
Is 24 a factor of 29951664?
True
Does 1519 divide 24893129?
False
Is 11767426 a multiple of 859?
False
Is 15 a factor of 33426090?
True
Is 4997925 a multiple of 97?
True
Does 3 divide 68301895?
False
Does 132 divide 357285856?
False
Does 3 divide 392382799?
False
Does 22 divide 79693111?
False
Is 157713360 a multiple of 404?
False
Does 21 divide 98720895?
True
Is 506817370 a multiple of 14?
False
Does 15 divide 208590165?
True
Is 40831836 a multiple of 228?
True
Is 187 a factor of 149670216?
False
Is 606 a factor of 13838612?
False
Is 568215546 a multiple of 2721?
True
Is 1074928192 a multiple of 104?
True
Is 444928173 a multiple of 902?
False
Is 10726467 a multiple of 4?
False
Is 7036 a factor of 403603386?
False
Does 21 divide 1073586255?
True
Does 117 divide 73107013?
False
Does 12 divide 1779408170?
False
Is 735 a factor of 41039900?
False
Does 407 divide 1330052394?
True
Is 1448 a factor of 462609936?
True
Does 44 divide 190778104?
True
Is 896 a factor of 974871296?
True
Is 5 a factor of 23000075?
True
Does 58 divide 864240774?
True
Does 14413 divide 1756699679?
True
Is 236247260 a multiple of 46?
True
Does 28 divide 690348092?
True
Does 21 divide 436497516?
True
Does 22 divide 103721090?
True
Is 124218248 a multiple of 11?
True
Is 509342 a multiple of 38?
False
Does 151 divide 100202564?
False
Does 68 divide 1507341244?
True
Does 604 divide 23891606?
False
Is 5 a factor of 13560425?
True
Is 358701488 a multiple of 32?
False
Is 1532465065 a multiple of 355?
True
Is 364 a factor of 227791166?
False
Does 88 divide 691614088?
True
Does 18 divide 33095894?
False
Is 14023773 a multiple of 9?
True
Is 283 a factor of 40997854?
False
Is 309 a factor of 2397840?
True
Is 368034213 a multiple of 29?
False
Is 353605120 a multiple of 640?
True
Is 1161 a factor of 30835127?
False
Is 27 a factor of 736137234?
True
Is 1138 a factor of 66108023?
False
Is 28910140 a multiple of 52?
False
I